ultiple of 2?
False
Is 66168 a multiple of 120?
False
Does 234 divide 32696?
False
Is 435 a multiple of 29?
True
Is 17 a factor of 7275?
False
Is 24 a factor of 1032?
True
Is 26445 even?
False
Is 559 a multiple of 13?
True
Is 8643 a multiple of 2?
False
Is 828 a multiple of 36?
True
Is 312 a multiple of 6?
True
Is 7 a factor of 917?
True
Is 35 a factor of 618?
False
Is 9907 a multiple of 11?
False
Is 5 a factor of 12590?
True
Is 18 a factor of 1188?
True
Does 28 divide 16996?
True
Does 16 divide 17807?
False
Is 8960 a multiple of 112?
True
Does 26 divide 208?
True
Does 54 divide 76896?
True
Is 35 a factor of 3605?
True
Is 721 a multiple of 9?
False
Is 79 a factor of 6975?
False
Is 425 a factor of 46168?
False
Does 2 divide 17?
False
Is 25 a factor of 203?
False
Is 1848 a multiple of 11?
True
Is 24909 a multiple of 57?
True
Does 116 divide 2924?
False
Is 88 a factor of 1809?
False
Is 34425 a multiple of 135?
True
Does 9 divide 1467?
True
Is 32 a factor of 10656?
True
Does 58 divide 36308?
True
Is 10 a factor of 5976?
False
Is 23 a factor of 13733?
False
Is 9200 a multiple of 16?
True
Does 90 divide 6245?
False
Is 74 a factor of 1628?
True
Is 7915 a multiple of 6?
False
Does 6 divide 574?
False
Does 27 divide 18497?
False
Is 58 a factor of 3510?
False
Is 12 a factor of 360?
True
Does 3 divide 92?
False
Is 48 a factor of 48?
True
Is 42511 a multiple of 52?
False
Is 6690 a multiple of 15?
True
Does 25 divide 3429?
False
Is 3 a factor of 5239?
False
Does 19 divide 794?
False
Does 40 divide 540?
False
Is 70 a factor of 12110?
True
Is 120 a factor of 906?
False
Is 40 a factor of 9629?
False
Is 30 a factor of 3930?
True
Is 15 a factor of 856?
False
Does 33 divide 10591?
False
Does 9 divide 330?
False
Does 32 divide 3124?
False
Is 4 a factor of 7731?
False
Is 23245 a multiple of 118?
False
Does 20 divide 4680?
True
Is 1190 a multiple of 34?
True
Does 6 divide 377?
False
Is 13536 a multiple of 72?
True
Does 10 divide 262?
False
Is 5915 a multiple of 3?
False
Does 188 divide 43804?
True
Does 103 divide 18643?
True
Does 11 divide 112280?
False
Does 10 divide 10560?
True
Is 17 a factor of 102?
True
Is 4134 a multiple of 159?
True
Is 20196 a multiple of 66?
True
Is 13 a factor of 8359?
True
Is 2064 a multiple of 22?
False
Is 66 a factor of 462?
True
Is 6 a factor of 1807?
False
Is 9 a factor of 12089?
False
Is 6851 a multiple of 47?
False
Does 13 divide 273?
True
Is 4 a factor of 16?
True
Does 8 divide 5898?
False
Is 2538 a multiple of 9?
True
Is 95 a factor of 5985?
True
Is 1853 a multiple of 52?
False
Is 9 a factor of 422?
False
Does 13 divide 4106?
False
Is 1836 a multiple of 18?
True
Is 8246 a multiple of 19?
True
Does 11 divide 792?
True
Is 27984 a multiple of 53?
True
Is 97 a factor of 10961?
True
Is 9 a factor of 5193?
True
Is 16 a factor of 182?
False
Is 6942 a multiple of 45?
False
Does 9 divide 1080?
True
Does 18 divide 256?
False
Is 25 a factor of 425?
True
Is 161 a factor of 15571?
False
Is 12547 a multiple of 128?
False
Does 60 divide 4399?
False
Is 83 a factor of 79846?
True
Is 13 a factor of 2661?
False
Is 5112 a multiple of 72?
True
Is 1634 a multiple of 86?
True
Is 2976 a multiple of 31?
True
Is 8 a factor of 2168?
True
Does 17 divide 272?
True
Is 129 a factor of 29110?
False
Does 80 divide 6303?
False
Is 49 a factor of 900?
False
Is 104 a factor of 1560?
True
Is 67 a factor of 646?
False
Is 16 a factor of 114?
False
Is 147 a multiple of 49?
True
Is 1595 a multiple of 26?
False
Does 4 divide 4?
True
Does 12 divide 112231?
False
Is 7032 a multiple of 10?
False
Does 54 divide 8586?
True
Is 442 a multiple of 34?
True
Does 32 divide 224?
True
Is 20 a factor of 5620?
True
Is 14 a factor of 2664?
False
Does 7 divide 2045?
False
Is 2 a factor of 258?
True
Does 57 divide 21692?
False
Does 3 divide 1899?
True
Is 3149 a multiple of 73?
False
Is 42624 a multiple of 32?
True
Does 135 divide 19845?
True
Is 10 a factor of 110?
True
Is 1015 a multiple of 40?
False
Is 162 a multiple of 9?
True
Is 67983 a multiple of 31?
True
Does 17 divide 6596?
True
Is 17226 a multiple of 58?
True
Does 21 divide 5579?
False
Is 56 a factor of 60961?
False
Is 66 a factor of 23408?
False
Is 17835 a multiple of 14?
False
Is 49 a factor of 1813?
True
Is 155966 a multiple of 233?
False
Is 15 a factor of 5925?
True
Is 1074 a multiple of 53?
False
Does 22 divide 18528?
False
Is 342 a multiple of 57?
True
Is 988 a multiple of 19?
True
Does 35 divide 426?
False
Is 16494 a multiple of 81?
False
Does 12 divide 2340?
True
Is 27468 a multiple of 21?
True
Is 22055 a multiple of 11?
True
Is 28 a factor of 1071?
False
Is 479 a multiple of 26?
False
Is 791 a multiple of 41?
False
Is 13 a factor of 82986?
False
Is 25 a factor of 1925?
True
Is 83 a factor of 33093?
False
Does 13 divide 234?
True
Is 214 a multiple of 17?
False
Does 15 divide 5190?
True
Does 12 divide 35868?
True
Is 2500 a multiple of 2?
True
Is 15 a factor of 3670?
False
Is 64 a factor of 20402?
False
Is 4247 a multiple of 18?
False
Does 15 divide 405?
True
Does 5 divide 247?
False
Is 13 a factor of 1155?
False
Is 10244 a multiple of 105?
False
Does 11 divide 95040?
True
Is 20 a factor of 860?
True
Does 5 divide 1415?
True
Is 70992 a multiple of 204?
True
Does 21 divide 1584?
False
Does 11 divide 627?
True
Does 25 divide 975?
True
Is 4518 a multiple of 18?
True
Is 40 a factor of 360?
True
Does 18 divide 35370?
True
Is 13 a factor of 2509?
True
Is 14617 a multiple of 19?
False
Is 66 a multiple of 3?
True
Does 13 divide 55?
False
Is 40830 a multiple of 10?
True
Is 76 a factor of 28956?
True
Does 19 divide 2356?
True
Is 2 a factor of 3878?
True
Is 19 a factor of 209?
True
Is 1987 a multiple of 48?
False
Is 103461 a multiple of 48?
False
Is 136 a multiple of 8?
True
Does 5 divide 15?
True
Is 7 a factor of 616?
True
Does 14 divide 47017?
False
Is 20 a factor of 4500?
True
Does 28 divide 24780?
True
Is 19 a factor of 3724?
True
Is 6 a factor of 127?
False
Does 8 divide 7821?
False
Is 6240 a multiple of 104?
True
Does 40 divide 7859?
False
Does 6 divide 1326?
True
Is 14546 a multiple of 13?
False
Is 9 a factor of 4032?
True
Is 11 a factor of 1397?
True
Is 51 a factor of 9204?
False
Is 27 a factor of 2805?
False
Is 5606 a multiple of 7?
False
Is 4 a factor of 56?
True
Is 287 a multiple of 15?
False
Is 210 a multiple of 6?
True
Does 121 divide 18029?
True
Is 103 a factor of 3193?
True
Is 34235 a multiple of 41?
True
Does 23 divide 651?
False
Is 25 a factor of 204?
False
Is 6 a factor of 240?
True
Does 8 divide 1760?
True
Is 27257 a multiple of 97?
True
Is 44 a factor of 4506?
False
Is 64 a factor of 2560?
True
Is 170 a factor of 12580?
True
Does 14 divide 90482?
True
Does 110 divide 2310?
True
Does 12 divide 7125?
False
Is 21 a factor of 30534?
True
Does 5 divide 8825?
True
Is 192 even?
True
Is 32 a factor of 8777?
False
Is 42 a factor of 504?
True
Is 640 a multiple of 40?
True
Is 27 a factor of 30807?
True
Is 39795 a multiple of 105?
True
Does 6 divide 276?
True
Does 8 divide 1640?
True
Does 17 divide 782?
True
Does 165 divide 13365?
True
Is 1411 a multiple of 13?
False
Does 129 divide 41022?
True
Is 311 a factor of 62200?
True
Is 1628 a multiple of 3?
False
Is 57 a factor of 126540?
True
Does 19 divide 2071?
True
Does 31 divide 4901?
False
Is 81 a factor of 15795?
True
Is 4853 a multiple of 10?
False
Is 738 a multiple of 2?
True
Is 118 a multiple of 10?
False
Is 14 a factor of 252?
True
Is 1244 a multiple of 42?
False
Is 375 a multiple of 6?
False
Does 30 divide 917?
False
Does 25 divide 300?
True
Is 6 a factor of 3582?
True
Is 683 a multiple of 15?
False
Is 17 a factor of 879?
False
Is 12 a factor of 1169?
False
Does 193 divide 25476?
True
Is 316 a multiple of 7?
False
Is 9982 a multiple of 117?
False
Is 21 a factor of 2761?
False
Is 101 a multiple of 5?
False
Does 24 divide 888?
True
Is 28 a factor of 868?
True
Is 277 a multiple of 41?
False
Is 330 a multiple of 15?
True
Does 3 divide 6325?
False
Is 92 a factor of 11224?
True
Is 583 a multiple of 37?
False
Is 1425 a multiple of 61?
False
Does 11 divide 5802?
False
Is 18 a factor of 7060?
False
Is 6 a factor of 859?
False
Is 289 a multiple of 8?
False
Does 14 divide 406?
True
Is 69 a factor of 30537?
False
Is 7 a factor of 2296?
True
Is 66 a factor of 5478?
True
Is 75 a factor